y(h) = -h**3 - 4*h**2 + 3*h - 6. What is the remainder when 14 is divided by y(-5)?
2
Suppose -t - 2*d - 31 = -0*t, t = 3*d - 41. Suppose -124 = -2*n + h, n - 4*h - 48 = 14. Let b = n + t. Calculate the remainder when b is divided by 14.
13
Suppose -3*w - w = -264. Let n = w + -43. Calculate the remainder when n is divided by 8.
7
Suppose r + 31 = -3*r + 3*u, -4*r + 4*u - 36 = 0. Suppose -14 + 34 = 2*l. Calculate the remainder when 4 - ((-8)/r + -17) is divided by l.
9
Suppose 0 = -5*u - 20, -91 = -3*o - 4*u + 109. Calculate the remainder when o is divided by 19.
15
What is the remainder when ((-4)/10)/(1/(-45)) is divided by 3?
0
Let i(c) = -c - 41. Let z be i(0). Let d = 76 + z. What is the remainder when d is divided by 12?
11
Suppose 3*m - 308 - 67 = 0. Let x = m + -75. What is the remainder when x is divided by 13?
11
Suppose 0 = v + 3*v + 200. Suppose -70 = -3*s + s. Calculate the remainder when s is divided by (-2)/(-3) + v/(-6).
8
Calculate the remainder when (1 - (-14)/(-6)) + 2694/9 is divided by 60.
58
Let h(s) = s**2 + 3*s + 2. Let f be h(-6). Suppose -5*t - 26 = -d + 32, -74 = -3*d - 5*t. Let z = d - f. What is the remainder when z is divided by 8?
5
Suppose 0 = 4*t + 3 - 27. What is the remainder when 22 is divided by t?
4
Suppose -c - g + 12 = 0, -2*c + 2*g = 3*g - 29. What is the remainder when c is divided by 10?
7
Let o(f) = f**3 - 8*f**2 + 9*f - 1. Suppose -4*c + 108 = -224. Let a = -32 + c. Calculate the remainder when a is divided by o(7).
12
Suppose p - 2*p = -4. Let g be (-1)/(1*1/7). Let m = g + 10. Calculate the remainder when p is divided by m.
1
Suppose 5*l = -5*f + 65, -2*l + 39 = l - f. Suppose 4*z - 129 = 3*g, 4*g + g = 4*z - 119. Calculate the remainder when z is divided by l.
10
Suppose 147 + 53 = 5*k. Suppose 4*b + 4*w - k = 0, -b - 2*b - 5*w + 40 = 0. Let n = -22 + 24. Calculate the remainder when b is divided by n.
1
Suppose -13*x - 12 = -15*x. What is the remainder when 24 is divided by x?
0
Suppose -2*d + 93 = -d. Let j = d - 61. Suppose 3*m + 3*p - j = 4, 3*m - 2*p - 61 = 0. Calculate the remainder when 32 is divided by m.
15
Let m(b) = b**2 - 8*b - 12. Let w = 4 - 5. Let j = 14 - w. Calculate the remainder when j is divided by m(10).
7
Suppose -5*g = -7*g - 2. Let o(t) = -13*t. What is the remainder when o(g) is divided by 4?
1
Let f(s) be the first derivative of s**4/4 + 10*s**3/3 - s**2 - 8*s - 1. What is the remainder when 46 is divided by f(-10)?
10
What is the remainder when 34 is divided by 12/8 + 9/2?
4
Let n(y) = 2*y**3 + 2*y**2 - 3*y + 3. Let r be n(2). What is the remainder when -2 + 7/(r/78) is divided by 13?
11
Suppose 0 = 2*w - 80 + 8. What is the remainder when w is divided by 13?
10
Let p = 182 + -132. Calculate the remainder when p is divided by (-2 - (0 + -1))*-17.
16
Suppose -1 = y - 2. Let f be y - (-3 - (-1 - 1)). Suppose h - 60 = -f*h. Calculate the remainder when h is divided by 11.
9
Let g(w) = w**3 + 6*w**2 - 6*w - 3. What is the remainder when g(-6) is divided by 17?
16
Suppose 5*u - 8*v - 80 = -3*v, v = -4*u + 54. Calculate the remainder when 125 is divided by u.
13
Suppose 0 = u + 2*s - 1 - 2, -5*u - 2*s + 15 = 0. Suppose -u*t = -t. Suppose t = -4*q + q + 87. Calculate the remainder when q is divided by 10.
9
Let p(r) = r**3 - 17*r**2 + 16*r + 15. What is the remainder when (-2)/((-2)/41) + 2 is divided by p(16)?
13
Let j(c) = -2*c**2 + 4*c - 10. Let z(h) = h - 1. Let v(q) = -j(q) + 6*z(q). What is the remainder when v(-4) is divided by -1 + -2 + 5 - -8?
8
Let c = 3 + -6. Calculate the remainder when ((-4)/c)/(6/207) is divided by 16.
14
Suppose 0*y + 14 = 2*y. Let f be (-10)/(-4)*(-64)/4. Let c = -20 - f. What is the remainder when c is divided by y?
6
Let m(j) = j**2 + 2*j - 35. What is the remainder when 54 is divided by m(-9)?
26
Let i = -63 - -196. Suppose 2*g - i = -3*t - 0*g, 4*t - 162 = 5*g. What is the remainder when t is divided by 16?
11
Let o = 4 - 2. Suppose 2 = s - o. Suppose -64 = -2*r - s*f, -f - f - 8 = 0. Calculate the remainder when r is divided by 14.
12
Suppose -2*f + 3*c = -2, 0 = 2*f - c - 3*c. Let i = 21 + -13. Suppose -m = 1 - i. Calculate the remainder when m is divided by f.
3
Let r = 27 + -16. What is the remainder when r is divided by 8?
3
Let s = 10 + 3. Let n = 19 - -5. Calculate the remainder when n is divided by s.
11
Let w = -2 - -2. Suppose 4 = 2*b + l, w*b + 3*l + 6 = 3*b. What is the remainder when 28 is divided by 1/(-2)*b - -11?
8
Suppose -117 + 29 = -3*k - 5*n, -n = 1. Calculate the remainder when k is divided by 16.
15
Let g = -13 - -21. Let m(k) = -k**3 - 6*k**2 + 7*k + 3. Let h be m(-7). Suppose -3*b - 18 = 3*i - 90, -h = -3*b. What is the remainder when i is divided by g?
7
Let z(p) = 2*p - 8. What is the remainder when z(9) is divided by 6?
4
Let d(m) = -m**2 + 10*m - 7. Let r(n) = n**3 + 7*n**2 - n + 1. Let f be r(-7). Calculate the remainder when d(f) is divided by 6.
3
What is the remainder when 90 is divided by (46/6)/(4/12)?
21
Suppose -3*v + 15 = -0*v. Suppose -3*c + 10 = 2*t, c + 0*c = -4*t. What is the remainder when v is divided by c?
1
Let c(s) = s**2 - 10*s + 25. What is the remainder when c(10) is divided by 9?
7
Suppose 0 = -5*d, 4*k - 5*k = -4*d - 12. Suppose 5*j - 11 = -h, 0 = 2*h + 3*j + 2 - 3. Calculate the remainder when k is divided by (-8)/(-1) + (h - -3).
5
Suppose -50 = -4*d - 2*p - 0*p, 35 = 3*d + 4*p. Calculate the remainder when d is divided by 6.
1
Let b be (-2)/4 + 219/6. Let s = -16 + b. Suppose -5*l = v - 0 - 58, 0 = -2*l - 5*v + 37. What is the remainder when s is divided by l?
9
What is the remainder when ((-18)/(-8))/((-1)/(-8)) is divided by 10?
8
Let m(n) = -n**3 + 6*n**2 + 9*n - 3. What is the remainder when 0 + 1 + (29 - -2) is divided by m(7)?
10
Calculate the remainder when 104 is divided by -15*(2/15)/((-9)/54).
8
Suppose -6*y = -91 - 35. What is the remainder when y is divided by (-30)/(-4) + 2/4?
5
Suppose 0 = 3*p + 9, 3*o - 5*o + 3*p + 15 = 0. Let g(y) = y**3 - 3*y**2 + 3. What is the remainder when g(3) is divided by o?
0
Let v(r) = -2*r - 1 - 1 + 6*r - 3*r. Let p be v(5). Suppose 0 = -p*i + 8*i - 50. What is the remainder when 38 is divided by i?
8
Let x = 1 - 2. Let v = 3 - x. Suppose u + 2 = -b - 3*u, 4*b = -v*u + 52. What is the remainder when 34 is divided by b?
16
Let z = 59 - -16. What is the remainder when 17 is divided by z/30*12/5?
5
Suppose 4*f - 23 = 13. What is the remainder when 25 is divided by f?
7
Let a = 9 + -4. Suppose 0*g + 13 = q + a*g, -4*g = q - 15. Calculate the remainder when q is divided by 12.
11
Suppose 44 = 3*d - 5*g, -5*g + 4 = -d + 4*d. Calculate the remainder when 13 is divided by d.
5
Let d be (1*-1)/((-7)/(-14)). What is the remainder when d - -35 - (0 - 2) is divided by 12?
11
Suppose 3*i = 9 + 9. Let t be i/(-27) + (-2)/(-9). Let w(y) = -y**2 + y + 12. Calculate the remainder when 35 is divided by w(t).
11
Suppose -3*q - 6*q + 738 = 0. What is the remainder when q is divided by 44?
38
What is the remainder when 272 is divided by (2 + -7)/(1/(-11))?
52
What is the remainder when 26 is divided by (0 + 28/(-6))*-3?
12
Let z = 0 + 0. Suppose z = -2*j + j + 18. Calculate the remainder when (-28)/(-6)*15/2 is divided by j.
17
Calculate the remainder when ((-3)/(9/17))/(1/(-3)) is divided by 10.
7
Let x be (26/(-5))/((-1)/10). Let u = -31 + x. Calculate the remainder when u is divided by 11.
10
Let b(l) = 16*l**2 - 2*l - 3. What is the remainder when b(-2) is divided by 17?
14
Let f = -6 - 0. Let u = f - 5. What is the remainder when 6 is divided by (-3)/(-9) - u/3?
2
Suppose 0 = -u + 4*u - 216. Suppose -3*q + 7*q = u. What is the remainder when q is divided by 11?
7
Suppose -1 = -w - 3. What is the remainder when -1 + 47 + (w - -5) is divided by 13?
10
Let v(k) = -k**3 - 9*k**2 - k - 1. Calculate the remainder when 28 is divided by v(-9).
4
Suppose 10 = 4*l - 10. Let q = 33 + 13. Suppose -4*j - j + 5*k + 130 = 0, 2*j - l*k = q. Calculate the remainder when j is divided by 15.
13
Let y = 4 - 3. Suppose y = h - 8. What is the remainder when 26 is divided by h?
8
Calculate the remainder when 691/9 + 18/81 is divided by 39.
38
Let w be (-8)/28 - 46/(-14). Suppose 11 = 4*h - l, -5*h + w*l + 4 = -8. Suppose -h*p + 49 = 10. Calculate the remainder when p is divided